11
Let p be (-1)/(-4) - (-5547)/(-12). Let r be p/(-9) - 1/3. List the prime factors of r/4 + (-7)/(-28).
13
Let j = -3627 - -7273. What are the prime factors of j?
2, 1823
Let w = -275 - -2218. What are the prime factors of w?
29, 67
Let p(g) = 2*g + 25. Let a be p(-9). Let q be (-2)/(2/(-34)*1). Let y = q + a. What are the prime factors of y?
41
Suppose 0 = 37*r - 36*r + 28. Suppose -q + 19 = 2*x + x, -6 = 2*x - 4*q. What are the prime factors of 21/(-35) - r/x?
5
Let d = -60 - -96. Suppose -d = -3*i + 3*f, -3*i + 6*i - 37 = 4*f. Suppose -3*q - i = -5*k + 46, -5*q - 20 = 0. What are the prime factors of k?
3
Let x(s) = 25*s**2 + 18*s - 3. List the prime factors of x(5).
2, 89
Suppose -p + 5*u + 10 = -3, 4*u + 18 = -3*p. What are the prime factors of ((-2)/(-3))/(p/(-147))?
7
Suppose -5*l + 7*l - 3*h = 76, -136 = -4*l + 2*h. List the prime factors of (75/20)/(3/l)*5.
2, 5
Let c = 47 + -42. Suppose -p + 42 = c*p. List the prime factors of p.
7
Let h(c) = 16*c**3 - 9*c**2 + 9*c - 35. List the prime factors of h(6).
23, 137
Let d(s) = -23*s - 14. Let b be d(-4). List the prime factors of 3*b/((-2)/(-1)) + 2.
7, 17
Let q = -36 - -40. Suppose 12 = q*r - 3*r. Suppose 0 = -r*l + 8*l + 92. List the prime factors of l.
23
Suppose 26 = -4*k + 2*k. Let g = 16 + k. Suppose g*i = 5*q - 17, 0*i = 2*i - 2. List the prime factors of q.
2
Let h = 1467 + -997. List the prime factors of h.
2, 5, 47
Suppose -2*w = 3*k - 45, -33 = -2*k - 2*w - 5. Let f = k - -140. List the prime factors of f.
157
Suppose -17 = -3*v + 4*j, 5*v = 4*j - 6 + 45. Suppose 3*r = 2*r - 2. Let h = v + r. List the prime factors of h.
3
Suppose -5*l + 1 - 6 = 0. Let j(a) = -1 - 91*a**3 + a**2 + 28*a**3 - 2*a**2 + 10*a**3. What are the prime factors of j(l)?
3, 17
Suppose 4*s = 5*j - 10, 3*s + 10 = 4*s + 5*j. Suppose o - 373 = 5*m - 1884, s = -3*m + 4*o + 893. What are the prime factors of m?
3, 101
Suppose -3*l + 5*m + 1073 = 0, -2*l - 3*l - 3*m = -1845. List the prime factors of l.
2, 3, 61
Suppose -5*d - 3*r + 74 = 0, 2*r - 78 = -5*d + r. Let h = d - 14. Suppose -h*k - 8 = -42. List the prime factors of k.
17
List the prime factors of 10/(20/(-6)) + 225.
2, 3, 37
Suppose 3*p - 7 = -1. Suppose -4*o + 2 = -5*j + 8, 2 = p*o. Let z(u) = 11*u - 2. List the prime factors of z(j).
2, 5
Let w = 49 - 44. Suppose -3*r = w*q - 326 + 38, 5*r - 40 = -q. What are the prime factors of q?
2, 3, 5
Suppose w - 1436 = -3*r, 4*r = -w + 638 + 802. Suppose 0 = -7*q - q + w. What are the prime factors of q?
2, 89
Let x be (42/(-63))/(29/(-27) - -1). Suppose 3 = -3*w + x, -3*w + 110 = 2*o. What are the prime factors of o?
2, 13
Let s = -886 + 1420. List the prime factors of s.
2, 3, 89
Let g be (-350)/(-110) + (-4)/22. Suppose g*n - 3 + 6 = 0. Let r(l) = -22*l**3 - l**2 + 1. What are the prime factors of r(n)?
2, 11
Let g(x) be the second derivative of 5*x**3/6 - 7*x**2/2 - 3*x. Let y be g(5). Suppose 3*i = 5*l + y, 4*i - 53 + 21 = 4*l. What are the prime factors of i?
11
Suppose -3*k - 5*m + 380 = 0, 2*k = m - 3*m + 260. List the prime factors of k.
3, 5
Let f(s) be the first derivative of -4*s**2 + 9*s - 3. Suppose -3*n = 20 - 8. List the prime factors of f(n).
41
Suppose -68593 = 5*r - 4*a + 3*a, 0 = r - a + 13717. What are the prime factors of r/(-17)*(-1)/(-3)?
269
Let k(x) = -455*x + 270. What are the prime factors of k(-7)?
5, 691
Let r be -259 + (-8)/(-6)*-3. Let z = 389 + r. What are the prime factors of z?
2, 3, 7
Let x(m) = 6*m**2 + 44*m - 2. List the prime factors of x(16).
2, 3, 373
Let q(u) = -u + u**2 + 0 + 1 - 4. What are the prime factors of q(7)?
3, 13
Let x(b) = -b - 2. Let d be ((-12)/(-2))/(2 - 3). Let u be x(d). Let l(z) = -z**3 + 5*z**2 - 4*z + 5. What are the prime factors of l(u)?
5
Suppose 6*d - 1487 + 239 = 0. Suppose 4*p = a - 2*a + d, 5*a - 275 = -5*p. Suppose 0 = 3*n - 2*x - 35, -5*n = 2*x - p - 18. List the prime factors of n.
13
Let z = 21 + -43. Let y = -11 - z. Suppose u - y = 8. What are the prime factors of u?
19
Let j(g) = 13*g - 6. Let x be j(5). Let b = x - 22. List the prime factors of b.
37
Suppose -p = d - 249, -6*p - 4*d + 1242 = -p. Suppose 4*z - z + p = 0. What are the prime factors of (z/(-5))/((-16)/(-40))?
41
Let q = 166 - 138. List the prime factors of q.
2, 7
Let k(z) = -z**3 - 14*z**2 + 7*z + 72. What are the prime factors of k(-15)?
2, 3
Let f = -12 + 20. Let a = f + -3. Suppose -a*p - 2*j = -61, -2*j + 9 = p - 8. What are the prime factors of p?
11
Suppose -3*m = 4*p - 4779, 5*m + 10*p = 5*p + 7960. What are the prime factors of m?
7, 227
Let u = 0 + 12. Suppose u + 4 = 2*m. Let o = 18 - m. List the prime factors of o.
2, 5
Let c = 4005 - -1050. List the prime factors of c.
3, 5, 337
Let o(d) = 8*d**2 + 8*d - 15. What are the prime factors of o(-8)?
433
Suppose 2*a - 1100 = -j - 3*a, 3*j + 4*a = 3289. What are the prime factors of j?
3, 5, 73
Let z be (2 + 152)*(2 + -1). Suppose 0 = -3*p + p + z. What are the prime factors of p?
7, 11
Let h be -8 + 75 - (1 + 2). Suppose 0 = v - 4*y + 9*y - h, -5*v = -y - 398. What are the prime factors of v?
79
What are the prime factors of (-1)/(7 + 29456/(-4207))?
601
Suppose -4*h + 4 = -3*h. Let b(t) = -6*t + 5. Let f(c) = 5*c - 5. Let n(q) = -6*b(q) - 5*f(q). List the prime factors of n(h).
3, 13
What are the prime factors of -9 + 6*(340 - -7)?
3, 691
Suppose -408 = -x + 3*n, 5*n - 2000 = -5*x + 10*n. List the prime factors of x.
2, 3, 11
Let j = 12 + -1. Let x = j + -7. Suppose x*d - 3 = 45. List the prime factors of d.
2, 3
Let g be 0/1 + -42 + 18. What are the prime factors of (146/3)/((-16)/g)?
73
Let j = -2109 + 3547. List the prime factors of j.
2, 719
Suppose -22*z + 26*z = 148. Suppose y = 5*r + 81 + z, 2*r + 419 = 3*y. List the prime factors of y.
11, 13
Let c = -10 + -5. Let i be c/5*(-14)/3. List the prime factors of (5 - i)/((-1)/2).
2, 3
Let i(j) = -2*j**2 - 8*j - 6. Let g be i(-3). Suppose 20*z - 16*z - 80 = g. What are the prime factors of z?
2, 5
List the prime factors of ((-365)/(-3))/(-5 - 16/(-3)).
5, 73
Let i be 1/(-5) - (-33)/15. Let c(d) = -31*d**2 + 35*d**2 + i + d + 3 + 4*d. What are the prime factors of c(-4)?
7
Let o be (10/(-15))/(2/(-6)). Suppose o*j = -3*r - 0*j + 280, 185 = 2*r + j. List the prime factors of r.
2, 3, 5
Let k = 714 + -253. List the prime factors of k.
461
Let q = 9239 + -5113. List the prime factors of q.
2, 2063
Suppose -10*h = -13*h + 57. Let i(r) = r**2 - 6*r + 25. List the prime factors of i(h).
2, 17
Suppose -4*r + c = -5671, -4*c + 5*c - 1 = 0. What are the prime factors of r?
2, 709
Suppose 1173 = -4*z + 2*g + g, 0 = -z + 5*g - 272. Let j = 0 - 2. What are the prime factors of (j/(-6))/((-9)/z)?
11
Let c(l) be the first derivative of l**4/4 + l**3/3 - l**2/2 - l + 3. What are the prime factors of c(4)?
3, 5
Let h(u) be the third derivative of -u**4/8 + 2*u**3/3 + 3*u**2. List the prime factors of h(-12).
2, 5
Let l = -628 + 391. Let c = 412 + l. List the prime factors of c.
5, 7
Let r = -144 - -147. Suppose f - 13 - 3 = 0. Suppose -r*o + f = 2*b, 0*b = 2*b - 2*o - 16. What are the prime factors of b?
2
Let o(c) = -37*c + 1. Let p be o(1). Let t be (p/10)/((-26)/65). Suppose t = -4*r + 57. List the prime factors of r.
2, 3
Let l = 16 + -11. Suppose 0 = -0*d + 4*d - 2*y - 26, -l*d - 2*y = -55. Suppose d*o - 15 = 8*o. What are the prime factors of o?
3, 5
Let m = 1677 + 1577. What are the prime factors of m?
2, 1627
Let b be (-24)/(-9)*(-54)/(-8). Let m be (-2)/(-8) - 7/(-4). Suppose -b = -m*o + 20. What are the prime factors of o?
19
Let b = 70 - 43. Suppose -28*y = -24*y + 28. Let z = b - y. List the prime factors of z.
2, 17
Suppose 6*s - 1275 = 477. Let q = -144 + s. What are the prime factors of q?
2, 37
Suppose -72 + 252 = 6*h. List the prime factors of h + (-7)/(28/8).
2, 7
Suppose 4*i = u + i - 433, -3*i = 2*u - 875. What are the prime factors of u?
2, 109
Let i = 285 + 56. What are the prime factors of i?
11, 31
Suppose -19948 = -15*q + 11*q. List the prime factors of q.
4987
Suppose -3*d = -2*d - 1. Let y(t) = 77*t**3 + t. List the prime factors of y(d).
2, 3, 13
Let z be (12/(-10))/((-16)/280). Let o be 2/(-3) + (-427)/z. List the prime factors of (-17)/(-3) - (-14)/o.
5
Let w(i) = -44 + 43 + 5*i**2 - i**2. List the prime factors of w(6).
11, 13
Let i be (39